{"id":69,"date":"2019-06-12T21:56:00","date_gmt":"2019-06-12T19:56:00","guid":{"rendered":"https:\/\/toutomarto.fr\/?page_id=69"},"modified":"2025-02-10T00:32:07","modified_gmt":"2025-02-09T23:32:07","slug":"formation-initiation","status":"publish","type":"page","link":"https:\/\/toutomarto.fr\/index.php\/formation-initiation\/","title":{"rendered":"Formation Initiation\/Evolution &#8211; 5 jours"},"content":{"rendered":"<p>[et_pb_section fb_built=\u00a0\u00bb1&Prime; _builder_version=\u00a0\u00bb3.23.3&Prime; custom_padding=\u00a0\u00bb||0px|||\u00a0\u00bb global_colors_info=\u00a0\u00bb{}\u00a0\u00bb][et_pb_row column_structure=\u00a0\u00bb1_2,1_2&Prime; _builder_version=\u00a0\u00bb3.25.4&Prime; width=\u00a0\u00bb97.1%\u00a0\u00bb custom_margin=\u00a0\u00bb|||||\u00a0\u00bb global_colors_info=\u00a0\u00bb{}\u00a0\u00bb][et_pb_column type=\u00a0\u00bb1_2&Prime; _builder_version=\u00a0\u00bb3.25&Prime; custom_padding=\u00a0\u00bb|||\u00a0\u00bb global_colors_info=\u00a0\u00bb{}\u00a0\u00bb custom_padding__hover=\u00a0\u00bb|||\u00a0\u00bb][et_pb_text _builder_version=\u00a0\u00bb3.27.4&Prime; text_font=\u00a0\u00bb||||||||\u00a0\u00bb width=\u00a0\u00bb100%\u00a0\u00bb custom_margin=\u00a0\u00bb|32px||||\u00a0\u00bb custom_padding=\u00a0\u00bb|||||\u00a0\u00bb global_colors_info=\u00a0\u00bb{}\u00a0\u00bb]<\/p>\n<h2><\/h2>\n<h2><strong>Programme<\/strong><\/h2>\n<h2><span style=\"color: #333300;\"><strong> INITIATION\/EVOLUTION &#8211; 5 jours<\/strong><\/span><\/h2>\n<h3>OBJECTIFS DE LA FORMATION<\/h3>\n<p>Sensibiliser les stagiaires \u00e0 une mani\u00e8re d\u2019apprendre la Forge sous un angle diff\u00e9rent. Nous proposons une immersion dans l&rsquo;univers de la forge appris aupr\u00e8s d&rsquo;Uri Hofi en Isra\u00ebl. Cette technique, initi\u00e9e par Alfred Habermann, prend racine au sein de l&#8217;empire Austro-hongrois. C&rsquo;est aupr\u00e8s d&rsquo;Habermann que Hofi apprend les bases de la forge et y puise son inspiration pour ensuite d\u00e9velopper son propre langage.\u00a0 Ce style de forge unique se base sur la singularit\u00e9 des marteaux, la fa\u00e7on de les tenir et la position du corps par rapport \u00e0 l&rsquo;enclume. C&rsquo;est en soit un alphabet tr\u00e8s complet, o\u00f9 tout \u00e0 sa raison d&rsquo;\u00eatre et ses formes sp\u00e9cifiques (l&rsquo;enclume et sa base, la forge et sa bo\u00eete \u00e0 feu, la forme des pinces, les outils \u00e0 main, les diff\u00e9rents types d&rsquo;acier utilis\u00e9s pour l&rsquo;outillage). Donner envie d\u2019approfondir ces connaissances dans ce domaine.<\/p>\n<p>Compte tenu du niveau disparate des stagiaires, l\u2019\u00e9quipe Toutomarto prendra soin de faire avancer les stagiaires \u00e0 leurs rythmes.[\/et_pb_text][\/et_pb_column][et_pb_column type=\u00a0\u00bb1_2&Prime; _builder_version=\u00a0\u00bb3.25&Prime; custom_padding=\u00a0\u00bb|||\u00a0\u00bb global_colors_info=\u00a0\u00bb{}\u00a0\u00bb custom_padding__hover=\u00a0\u00bb|||\u00a0\u00bb][et_pb_gallery gallery_ids=\u00a0\u00bb292,291,290,289&Prime; show_title_and_caption=\u00a0\u00bboff\u00a0\u00bb show_pagination=\u00a0\u00bboff\u00a0\u00bb _builder_version=\u00a0\u00bb3.25.2&Prime; custom_margin=\u00a0\u00bb|-19px||||\u00a0\u00bb custom_padding=\u00a0\u00bb|31px||15px||\u00a0\u00bb global_colors_info=\u00a0\u00bb{}\u00a0\u00bb][\/et_pb_gallery][\/et_pb_column][\/et_pb_row][et_pb_row column_structure=\u00a0\u00bb1_2,1_2&Prime; _builder_version=\u00a0\u00bb3.25.4&Prime; custom_padding=\u00a0\u00bb23px|||||\u00a0\u00bb global_colors_info=\u00a0\u00bb{}\u00a0\u00bb][et_pb_column type=\u00a0\u00bb1_2&Prime; _builder_version=\u00a0\u00bb3.25.4&Prime; global_colors_info=\u00a0\u00bb{}\u00a0\u00bb][et_pb_text _builder_version=\u00a0\u00bb4.4.1&Prime; custom_padding=\u00a0\u00bb0px||0px|||\u00a0\u00bb global_colors_info=\u00a0\u00bb{}\u00a0\u00bb]<\/p>\n<h3><strong>\u00a0DATE 2024 :\u00a0\u00a0<\/strong><\/h3>\n<h3><strong> <\/strong><strong>&#8211; du 15 au 19 sepembre 2025<\/strong><\/h3>\n<p><strong><\/strong><\/p>\n<p><strong><span style=\"color: #25bc00;\">POUR TOUTE INSCRIPTION<\/span><\/strong><em style=\"font-size: 14px;\"><strong>,<\/strong> il est imp\u00e9ratif de t\u00e9l\u00e9charger et de remplir la fiche de renseignements ainsi que le bulletin d&rsquo;inscription \u00e0 nous renvoyer par mail.<br \/><\/em><em style=\"font-size: 14px;\">A titre individuel, merci de nous joindre un ch\u00e8que d&rsquo;acompte.<\/em><\/p>\n<p><em style=\"font-size: 14px;\"><span style=\"font-size: 14px;\">TARIF\u00a0 :\u00a0 850 \u20ac \u00e0 titre individuel (conditions sur le bulletin d&rsquo;inscription).<\/span><\/em><\/p>\n<p>Pour \u00e9tudier une<strong><em><span style=\"color: #289115;\">\u00a0possibilit\u00e9 de prise en charge financi\u00e8re, <\/span><\/em><\/strong>compl\u00e9ter le formulaire suivant : <br \/><a href=\"https:\/\/asso-formateur.fr\/questionnaire-de-pre-formation-apprenant\/\">https:\/\/asso-formateur.fr\/questionnaire-de-pre-formation-apprenant\/<\/a><br \/>(G\u00e9raldine SKRABO)<\/p>\n<p>Possibilit\u00e9 de grouper plusieurs formations pour une prise en charge globale.<\/p>\n<p>[\/et_pb_text][\/et_pb_column][et_pb_column type=\u00a0\u00bb1_2&Prime; _builder_version=\u00a0\u00bb4.4.1&Prime; global_colors_info=\u00a0\u00bb{}\u00a0\u00bb][\/et_pb_column][\/et_pb_row][\/et_pb_section][et_pb_section fb_built=\u00a0\u00bb1&Prime; _builder_version=\u00a0\u00bb3.24.1&Prime; global_colors_info=\u00a0\u00bb{}\u00a0\u00bb][et_pb_row column_structure=\u00a0\u00bb1_4,1_4,1_4,1_4&Prime; _builder_version=\u00a0\u00bb4.14.7&Prime; custom_margin=\u00a0\u00bb-49px|auto||auto||\u00a0\u00bb global_colors_info=\u00a0\u00bb{}\u00a0\u00bb][et_pb_column type=\u00a0\u00bb1_4&Prime; _builder_version=\u00a0\u00bb3.25&Prime; custom_padding=\u00a0\u00bb|||\u00a0\u00bb global_colors_info=\u00a0\u00bb{}\u00a0\u00bb custom_padding__hover=\u00a0\u00bb|||\u00a0\u00bb][et_pb_button button_url=\u00a0\u00bbhttps:\/\/toutomarto.fr\/wp-content\/uploads\/2025\/02\/Fiche-de-renseignement-2025.pdf\u00a0\u00bb url_new_window=\u00a0\u00bbon\u00a0\u00bb button_text=\u00a0\u00bbF. de renseignements\u00a0\u00bb button_alignment=\u00a0\u00bbcenter\u00a0\u00bb _builder_version=\u00a0\u00bb4.14.7&Prime; custom_button=\u00a0\u00bbon\u00a0\u00bb button_text_size=\u00a0\u00bb15px\u00a0\u00bb button_text_color=\u00a0\u00bb#ffffff\u00a0\u00bb button_bg_color=\u00a0\u00bb#f98900&Prime; button_border_width=\u00a0\u00bb0px\u00a0\u00bb button_border_radius=\u00a0\u00bb30px\u00a0\u00bb button_letter_spacing=\u00a0\u00bb0px\u00a0\u00bb button_font=\u00a0\u00bb||||||||\u00a0\u00bb button_icon=\u00a0\u00bb&#x3d;||divi||400&Prime; button_icon_color=\u00a0\u00bb#ffffff\u00a0\u00bb button_on_hover=\u00a0\u00bboff\u00a0\u00bb hover_enabled=\u00a0\u00bb0&Prime; box_shadow_style=\u00a0\u00bbpreset2&Prime; global_colors_info=\u00a0\u00bb{}\u00a0\u00bb sticky_enabled=\u00a0\u00bb0&Prime;][\/et_pb_button][\/et_pb_column][et_pb_column type=\u00a0\u00bb1_4&Prime; _builder_version=\u00a0\u00bb3.25&Prime; custom_padding=\u00a0\u00bb|||\u00a0\u00bb global_colors_info=\u00a0\u00bb{}\u00a0\u00bb custom_padding__hover=\u00a0\u00bb|||\u00a0\u00bb][et_pb_button button_url=\u00a0\u00bbhttps:\/\/toutomarto.fr\/wp-content\/uploads\/2025\/02\/Programme-formation-initiation-evolution-2025-5j.pdf\u00a0\u00bb url_new_window=\u00a0\u00bbon\u00a0\u00bb button_text=\u00a0\u00bbProgramme Initiation 5 jours\u00a0\u00bb button_alignment=\u00a0\u00bbcenter\u00a0\u00bb _builder_version=\u00a0\u00bb4.14.7&Prime; custom_button=\u00a0\u00bbon\u00a0\u00bb button_text_size=\u00a0\u00bb15px\u00a0\u00bb button_text_color=\u00a0\u00bb#ffffff\u00a0\u00bb button_bg_color=\u00a0\u00bb#f98900&Prime; button_border_width=\u00a0\u00bb0px\u00a0\u00bb button_border_radius=\u00a0\u00bb30px\u00a0\u00bb button_letter_spacing=\u00a0\u00bb0px\u00a0\u00bb button_font=\u00a0\u00bb||||||||\u00a0\u00bb button_icon=\u00a0\u00bb&#x3d;||divi||400&Prime; button_icon_color=\u00a0\u00bb#ffffff\u00a0\u00bb button_on_hover=\u00a0\u00bboff\u00a0\u00bb box_shadow_style=\u00a0\u00bbpreset2&Prime; global_colors_info=\u00a0\u00bb{}\u00a0\u00bb][\/et_pb_button][\/et_pb_column][et_pb_column type=\u00a0\u00bb1_4&Prime; _builder_version=\u00a0\u00bb3.25&Prime; custom_padding=\u00a0\u00bb|||\u00a0\u00bb global_colors_info=\u00a0\u00bb{}\u00a0\u00bb custom_padding__hover=\u00a0\u00bb|||\u00a0\u00bb][et_pb_button button_url=\u00a0\u00bbhttps:\/\/toutomarto.fr\/wp-content\/uploads\/2025\/02\/B-I-FORM.-Initiation-5-jours-2025.pdf\u00a0\u00bb url_new_window=\u00a0\u00bbon\u00a0\u00bb button_text=\u00a0\u00bbBulletin d&rsquo;Inscription\u00a0\u00bb button_alignment=\u00a0\u00bbcenter\u00a0\u00bb _builder_version=\u00a0\u00bb4.14.7&Prime; custom_button=\u00a0\u00bbon\u00a0\u00bb button_text_size=\u00a0\u00bb15px\u00a0\u00bb button_text_color=\u00a0\u00bb#ffffff\u00a0\u00bb button_bg_color=\u00a0\u00bb#f98900&Prime; button_border_width=\u00a0\u00bb0px\u00a0\u00bb button_border_radius=\u00a0\u00bb30px\u00a0\u00bb button_letter_spacing=\u00a0\u00bb0px\u00a0\u00bb button_font=\u00a0\u00bb||||||||\u00a0\u00bb button_icon=\u00a0\u00bb&#x3d;||divi||400&Prime; button_icon_color=\u00a0\u00bb#ffffff\u00a0\u00bb button_on_hover=\u00a0\u00bboff\u00a0\u00bb box_shadow_style=\u00a0\u00bbpreset2&Prime; global_colors_info=\u00a0\u00bb{}\u00a0\u00bb][\/et_pb_button][\/et_pb_column][et_pb_column type=\u00a0\u00bb1_4&Prime; _builder_version=\u00a0\u00bb3.25&Prime; custom_padding=\u00a0\u00bb|||\u00a0\u00bb global_colors_info=\u00a0\u00bb{}\u00a0\u00bb custom_padding__hover=\u00a0\u00bb|||\u00a0\u00bb][et_pb_button button_url=\u00a0\u00bbhttps:\/\/toutomarto.fr\/wp-content\/uploads\/2019\/06\/Conditions-g\u00e9n\u00e9rales-formation-toutomarto.pdf\u00a0\u00bb url_new_window=\u00a0\u00bbon\u00a0\u00bb button_text=\u00a0\u00bbConditions G\u00e9n\u00e9rales\u00a0\u00bb button_alignment=\u00a0\u00bbcenter\u00a0\u00bb _builder_version=\u00a0\u00bb4.13.0&Prime; custom_button=\u00a0\u00bbon\u00a0\u00bb button_text_size=\u00a0\u00bb15px\u00a0\u00bb button_text_color=\u00a0\u00bb#ffffff\u00a0\u00bb button_bg_color=\u00a0\u00bb#f98900&Prime; button_border_width=\u00a0\u00bb0px\u00a0\u00bb button_border_radius=\u00a0\u00bb30px\u00a0\u00bb button_letter_spacing=\u00a0\u00bb0px\u00a0\u00bb button_font=\u00a0\u00bb||||||||\u00a0\u00bb button_icon=\u00a0\u00bb&#x3d;||divi||400&Prime; button_icon_color=\u00a0\u00bb#ffffff\u00a0\u00bb button_on_hover=\u00a0\u00bboff\u00a0\u00bb box_shadow_style=\u00a0\u00bbpreset2&Prime; global_colors_info=\u00a0\u00bb{}\u00a0\u00bb][\/et_pb_button][\/et_pb_column][\/et_pb_row][\/et_pb_section]<\/p>\n","protected":false},"excerpt":{"rendered":"<p>Belle ambiance lors de notre dernier stage&#8230;.<\/p>\n","protected":false},"author":1,"featured_media":0,"parent":0,"menu_order":0,"comment_status":"closed","ping_status":"closed","template":"","meta":{"_et_pb_use_builder":"on","_et_pb_old_content":"","_et_gb_content_width":"","footnotes":""},"class_list":["post-69","page","type-page","status-publish","hentry"],"_links":{"self":[{"href":"https:\/\/toutomarto.fr\/index.php\/wp-json\/wp\/v2\/pages\/69","targetHints":{"allow":["GET"]}}],"collection":[{"href":"https:\/\/toutomarto.fr\/index.php\/wp-json\/wp\/v2\/pages"}],"about":[{"href":"https:\/\/toutomarto.fr\/index.php\/wp-json\/wp\/v2\/types\/page"}],"author":[{"embeddable":true,"href":"https:\/\/toutomarto.fr\/index.php\/wp-json\/wp\/v2\/users\/1"}],"replies":[{"embeddable":true,"href":"https:\/\/toutomarto.fr\/index.php\/wp-json\/wp\/v2\/comments?post=69"}],"version-history":[{"count":109,"href":"https:\/\/toutomarto.fr\/index.php\/wp-json\/wp\/v2\/pages\/69\/revisions"}],"predecessor-version":[{"id":1982,"href":"https:\/\/toutomarto.fr\/index.php\/wp-json\/wp\/v2\/pages\/69\/revisions\/1982"}],"wp:attachment":[{"href":"https:\/\/toutomarto.fr\/index.php\/wp-json\/wp\/v2\/media?parent=69"}],"curies":[{"name":"wp","href":"https:\/\/api.w.org\/{rel}","templated":true}]}}

<p>[et_pb_section fb_built= »1&Prime; _builder_version= »3.23.3&Prime; custom_padding= »||0px||| » global_colors_info= »{} »][et_pb_row column_structure= »1_2,1_2&Prime; _builder_version= »3.25.4&Prime; width= »97.1% » custom_margin= »||||| » global_colors_info= »{} »][et_pb_column type= »1_2&Prime; _builder_version= »3.25&Prime; custom_padding= »||| » global_colors_info= »{} » custom_padding__hover= »||| »][et_pb_text _builder_version= »3.27.4&Prime; text_font= »|||||||| » width= »100% » custom_margin= »|32px|||| » custom_padding= »||||| » global_colors_info= »{} »]</p>
<h2></h2>
<h2><strong>Programme</strong></h2>
<h2><span style="color: #333300;"><strong> INITIATION/EVOLUTION &#8211; 5 jours</strong></span></h2>
<h3>OBJECTIFS DE LA FORMATION</h3>
<p>Sensibiliser les stagiaires à une manière d’apprendre la Forge sous un angle différent. Nous proposons une immersion dans l&rsquo;univers de la forge appris auprès d&rsquo;Uri Hofi en Israël. Cette technique, initiée par Alfred Habermann, prend racine au sein de l&#8217;empire Austro-hongrois. C&rsquo;est auprès d&rsquo;Habermann que Hofi apprend les bases de la forge et y puise son inspiration pour ensuite développer son propre langage.  Ce style de forge unique se base sur la singularité des marteaux, la façon de les tenir et la position du corps par rapport à l&rsquo;enclume. C&rsquo;est en soit un alphabet très complet, où tout à sa raison d&rsquo;être et ses formes spécifiques (l&rsquo;enclume et sa base, la forge et sa boîte à feu, la forme des pinces, les outils à main, les différents types d&rsquo;acier utilisés pour l&rsquo;outillage). Donner envie d’approfondir ces connaissances dans ce domaine.</p>
<p>Compte tenu du niveau disparate des stagiaires, l’équipe Toutomarto prendra soin de faire avancer les stagiaires à leurs rythmes.[/et_pb_text][/et_pb_column][et_pb_column type= »1_2&Prime; _builder_version= »3.25&Prime; custom_padding= »||| » global_colors_info= »{} » custom_padding__hover= »||| »][et_pb_gallery gallery_ids= »292,291,290,289&Prime; show_title_and_caption= »off » show_pagination= »off » _builder_version= »3.25.2&Prime; custom_margin= »|-19px|||| » custom_padding= »|31px||15px|| » global_colors_info= »{} »][/et_pb_gallery][/et_pb_column][/et_pb_row][et_pb_row column_structure= »1_2,1_2&Prime; _builder_version= »3.25.4&Prime; custom_padding= »23px||||| » global_colors_info= »{} »][et_pb_column type= »1_2&Prime; _builder_version= »3.25.4&Prime; global_colors_info= »{} »][et_pb_text _builder_version= »4.4.1&Prime; custom_padding= »0px||0px||| » global_colors_info= »{} »]</p>
<h3><strong> DATE 2024 :  </strong></h3>
<h3><strong> </strong><strong>&#8211; du 15 au 19 sepembre 2025</strong></h3>
<p><strong></strong></p>
<p><strong><span style="color: #25bc00;">POUR TOUTE INSCRIPTION</span></strong><em style="font-size: 14px;"><strong>,</strong> il est impératif de télécharger et de remplir la fiche de renseignements ainsi que le bulletin d&rsquo;inscription à nous renvoyer par mail.<br /></em><em style="font-size: 14px;">A titre individuel, merci de nous joindre un chèque d&rsquo;acompte.</em></p>
<p><em style="font-size: 14px;"><span style="font-size: 14px;">TARIF  :  850 € à titre individuel (conditions sur le bulletin d&rsquo;inscription).</span></em></p>
<p>Pour étudier une<strong><em><span style="color: #289115;"> possibilité de prise en charge financière, </span></em></strong>compléter le formulaire suivant : <br /><a href="https://asso-formateur.fr/questionnaire-de-pre-formation-apprenant/">https://asso-formateur.fr/questionnaire-de-pre-formation-apprenant/</a><br />(Géraldine SKRABO)</p>
<p>Possibilité de grouper plusieurs formations pour une prise en charge globale.</p>
<p>[/et_pb_text][/et_pb_column][et_pb_column type= »1_2&Prime; _builder_version= »4.4.1&Prime; global_colors_info= »{} »][/et_pb_column][/et_pb_row][/et_pb_section][et_pb_section fb_built= »1&Prime; _builder_version= »3.24.1&Prime; global_colors_info= »{} »][et_pb_row column_structure= »1_4,1_4,1_4,1_4&Prime; _builder_version= »4.14.7&Prime; custom_margin= »-49px|auto||auto|| » global_colors_info= »{} »][et_pb_column type= »1_4&Prime; _builder_version= »3.25&Prime; custom_padding= »||| » global_colors_info= »{} » custom_padding__hover= »||| »][et_pb_button button_url= »https://toutomarto.fr/wp-content/uploads/2025/02/Fiche-de-renseignement-2025.pdf » url_new_window= »on » button_text= »F. de renseignements » button_alignment= »center » _builder_version= »4.14.7&Prime; custom_button= »on » button_text_size= »15px » button_text_color= »#ffffff » button_bg_color= »#f98900&Prime; button_border_width= »0px » button_border_radius= »30px » button_letter_spacing= »0px » button_font= »|||||||| » button_icon= »&#x3d;||divi||400&Prime; button_icon_color= »#ffffff » button_on_hover= »off » hover_enabled= »0&Prime; box_shadow_style= »preset2&Prime; global_colors_info= »{} » sticky_enabled= »0&Prime;][/et_pb_button][/et_pb_column][et_pb_column type= »1_4&Prime; _builder_version= »3.25&Prime; custom_padding= »||| » global_colors_info= »{} » custom_padding__hover= »||| »][et_pb_button button_url= »https://toutomarto.fr/wp-content/uploads/2025/02/Programme-formation-initiation-evolution-2025-5j.pdf » url_new_window= »on » button_text= »Programme Initiation 5 jours » button_alignment= »center » _builder_version= »4.14.7&Prime; custom_button= »on » button_text_size= »15px » button_text_color= »#ffffff » button_bg_color= »#f98900&Prime; button_border_width= »0px » button_border_radius= »30px » button_letter_spacing= »0px » button_font= »|||||||| » button_icon= »&#x3d;||divi||400&Prime; button_icon_color= »#ffffff » button_on_hover= »off » box_shadow_style= »preset2&Prime; global_colors_info= »{} »][/et_pb_button][/et_pb_column][et_pb_column type= »1_4&Prime; _builder_version= »3.25&Prime; custom_padding= »||| » global_colors_info= »{} » custom_padding__hover= »||| »][et_pb_button button_url= »https://toutomarto.fr/wp-content/uploads/2025/02/B-I-FORM.-Initiation-5-jours-2025.pdf » url_new_window= »on » button_text= »Bulletin d&rsquo;Inscription » button_alignment= »center » _builder_version= »4.14.7&Prime; custom_button= »on » button_text_size= »15px » button_text_color= »#ffffff » button_bg_color= »#f98900&Prime; button_border_width= »0px » button_border_radius= »30px » button_letter_spacing= »0px » button_font= »|||||||| » button_icon= »&#x3d;||divi||400&Prime; button_icon_color= »#ffffff » button_on_hover= »off » box_shadow_style= »preset2&Prime; global_colors_info= »{} »][/et_pb_button][/et_pb_column][et_pb_column type= »1_4&Prime; _builder_version= »3.25&Prime; custom_padding= »||| » global_colors_info= »{} » custom_padding__hover= »||| »][et_pb_button button_url= »https://toutomarto.fr/wp-content/uploads/2019/06/Conditions-générales-formation-toutomarto.pdf » url_new_window= »on » button_text= »Conditions Générales » button_alignment= »center » _builder_version= »4.13.0&Prime; custom_button= »on » button_text_size= »15px » button_text_color= »#ffffff » button_bg_color= »#f98900&Prime; button_border_width= »0px » button_border_radius= »30px » button_letter_spacing= »0px » button_font= »|||||||| » button_icon= »&#x3d;||divi||400&Prime; button_icon_color= »#ffffff » button_on_hover= »off » box_shadow_style= »preset2&Prime; global_colors_info= »{} »][/et_pb_button][/et_pb_column][/et_pb_row][/et_pb_section]</p>
